of 19554080?
0
What is the thousands digit of 98451?
8
What is the millions digit of 10659498?
0
What is the hundred thousands digit of 412760?
4
What is the ten thousands digit of 7657724?
5
What is the tens digit of 972?
7
What is the units digit of 175065?
5
What is the tens digit of 387984?
8
What is the thousands digit of 2176917?
6
What is the hundreds digit of 20318057?
0
What is the millions digit of 6670609?
6
What is the units digit of 16395812?
2
What is the millions digit of 22313039?
2
What is the hundreds digit of 47897?
8
What is the units digit of 7377?
7
What is the tens digit of 292895?
9
What is the units digit of 233063?
3
What is the hundred thousands digit of 259485?
2
What is the hundreds digit of 35794050?
0
What is the hundred thousands digit of 1729139?
7
What is the units digit of 8607198?
8
What is the ten thousands digit of 4899095?
9
What is the ten millions digit of 12380090?
1
What is the ten millions digit of 17689795?
1
What is the units digit of 4238187?
7
What is the hundred thousands digit of 1551277?
5
What is the thousands digit of 10538458?
8
What is the tens digit of 3298750?
5
What is the hundreds digit of 766945?
9
What is the ten thousands digit of 3987913?
8
What is the hundred thousands digit of 4501591?
5
What is the ten thousands digit of 1129954?
2
What is the tens digit of 412635?
3
What is the tens digit of 1911132?
3
What is the ten thousands digit of 100769?
0
What is the hundreds digit of 132837?
8
What is the hundreds digit of 8202477?
4
What is the ten thousands digit of 312951?
1
What is the tens digit of 1290315?
1
What is the units digit of 80729?
9
What is the tens digit of 689767?
6
What is the ten thousands digit of 9005575?
0
What is the hundreds digit of 53477?
4
What is the ten thousands digit of 1182872?
8
What is the millions digit of 2119284?
2
What is the ten thousands digit of 4370187?
7
What is the ten thousands digit of 9154277?
5
What is the ten thousands digit of 4676822?
7
What is the thousands digit of 4330354?
0
What is the tens digit of 253018?
1
What is the tens digit of 696022?
2
What is the ten thousands digit of 48827?
4
What is the units digit of 272597?
7
What is the hundred thousands digit of 178929?
1
What is the ten thousands digit of 216923?
1
What is the tens digit of 10705900?
0
What is the hundred thousands digit of 430370?
4
What is the millions digit of 5645352?
5
What is the thousands digit of 1665195?
5
What is the tens digit of 17898846?
4
What is the units digit of 606934?
4
What is the thousands digit of 170296?
0
What is the thousands digit of 80095?
0
What is the ten thousands digit of 770830?
7
What is the units digit of 13396?
6
What is the ten thousands digit of 1797750?
9
What is the units digit of 524932?
2
What is the hundred thousands digit of 324108?
3
What is the tens digit of 713444?
4
What is the units digit of 423525?
5
What is the millions digit of 10883571?
0
What is the thousands digit of 47527?
7
What is the hundred thousands digit of 1682078?
6
What is the millions digit of 4553150?
4
What is the millions digit of 32952566?
2
What is the hundred thousands digit of 5182701?
1
What is the tens digit of 46849?
4
What is the hundreds digit of 1756158?
1
What is the tens digit of 15817?
1
What is the hundred thousands digit of 165294?
1
What is the ten thousands digit of 120176?
2
What is the hundreds digit of 4866356?
3
What is the ten thousands digit of 5761022?
6
What is the hundred thousands digit of 5359547?
3
What is the tens digit of 2715335?
3
What is the millions digit of 14994842?
4
What is the hundred thousands digit of 8320784?
3
What is the ten thousands digit of 13414370?
1
What is the ten thousands digit of 3136522?
3
What is the ten thousands digit of 16575057?
7
What is the tens digit of 1080376?
7
What is the ten thousands digit of 2633565?
3
What is the tens digit of 632522?
2
What is the thousands digit of 789745?
9
What is the millions digit of 1313447?
1
What is the ten thousands digit of 38597?
3
What is the units digit of 3471?
1
What is the ten thousands digit of 1713660?
1
What is the hundreds digit of 1701597?
5
What is the thousands digit of 611431?
1
What is the hundreds digit of 462993?
9
What is the tens digit of 5610086?
8
What is the units digit of 125618?
8
What is the hundred thousands digit of 1464783?
4
What is the hundreds digit of 1671642?
6
What is the tens digit of 11182465?
6
What is the thousands digit of 718841?
8
What is the millions digit of 2677527?
2
What is the hundred thousands digit of 13109669?
1
What is the hundred thousands digit of 283863?
2
What is the tens digit of 417502?
0
What is the hundreds digit of 560463?
4
What is the ten thousands digit of 467713?
6
What is the thousands digit of 620212?
0
What is the hundreds digit of 1061975?
9
What is the units digit of 41919?
9
What is the units digit of 365938?
8
What is the thousands digit of 5638804?
8
What is the hundred thousands digit of 110318?
1
What is the units digit of 7131585?
5
What is the hundreds digit of 24957019?
0
What is the hundreds digit of 15856000?
0
What is the thousands digit of 114699?
4
What is the thousands digit of 960878?
0
What is the hundred thousands digit of 8246672?
2
What is the hundreds digit of 1171853?
8
What is the hundred thousands digit of 5506277?
5
What is the thousands digit of 184126?
4
What is the millions digit of 2581368?
2
What is the ten thousands digit of 13485141?
8
What is the hundred thousands digit of 690904?
6
What is the tens digit of 10718318?
1
What is the hundred thousands digit of 4430726?
4
What is the ten thousands digit of 546257?
4
What is the hundred thousands digit of 6642571?
6
What is the hundred thousands digit of 2160488?
1
What is the millions digit of 10519019?
0
What is the hundred thousands digit of 1984633?
9
What is the ten thousands digit of 16325834?
2
What is the hundred thousands digit of 801937?
8
What is the hundreds digit of 3319694?
6
What is the hundreds digit of 2198265?
2
What is the ten thousands digit of 62335?
6
What is the hundred thousands digit of 19082340?
0
What is the tens digit of 402409?
0
What is the ten thousands digit of 412178?
1
What is the millions digit of 3456935?
3
What is the units digit of 2279797?
7
What is the ten thousands digit of 213931?
1
What is the hundreds digit of 13381782?
7
What is the hundreds digit of 8467767?
7
What is the units digit of 6916838?
8
What is the tens digit of 355001?
0
What is the units digit of 9385657?
7
What is the hundreds digit of 3290356?
3
What is the tens digit of 1397912?
1
What is the ten thousands digit of 6425104?
2
What is the tens digit of 305312?
1
What is the hundreds digit of 535721?
7
What is the tens digit of 621899?
9
What is the units digit of 484930?
0
What is the ten thousands digit of 973240?
7
What is the hundred thousands digit of 2829991?
8
What is the hundreds digit of 176920?
9
What is the hundred thousands digit of 320020?
3
What is the hundred thousands digit of 112559?
1
What is the tens digit of 37896980?
8
What is the ten thousands digit of 211362?
1
What is the millions digit of 16500510?
6
What is the units digit of 963190?
0
What is the thousands digit of 4506653?
6
What is the hundreds digit of 11468966?
9
What is the hundreds digit of 16901210?
2
What is the units digit of 1156838?
8
What is the thousands digit of 31872?
1
What is the millions digit of 5199713?
5
What is the tens digit of 7432146?
4
What is the tens digit of 538224?
2
What is the ten thousands digit of 1132493?
3
What is the tens digit of 1253162?
6
What is the units digit of 386448?
8
What is the thousands digit of 7874861?
4
What is the ten thousands digit of 171810?
7
What is the units digit of 3139266?
6
What is the units digit of 278165?
5
What is the millions digit of 20270602?
0
What is the thousands digit of 2961998?
1
What is the tens digit of 14331974?
7
What is the tens digit of 7984328?
2
What is the millions digit of 1347147?
1
What is the thousands digit of 159266?
9
What is the hundreds digit of 469447?
4
What is the units digit of 2445332?
2
What is the tens digit of 122431?
3
What is the hundreds digit of 1468770?
7
What is the ten thousands digit of 3861770?
6
What 